nd 15.
15
Suppose -5*a + 41 = 3*b, -4*b - a + 62 = 2*a. Let y = 2967 + -2780. What is the highest common divisor of y and b?
17
Let p be 9*1 - (2 + (-11 - -8)). What is the greatest common factor of 40 and p?
10
Let o(x) = -x**3 - 4*x**2 - 2*x + 2. Let k be o(-2). Let l be (-8)/(64/(-210)) + k/8. What is the greatest common factor of 39 and l?
13
Let a(v) = 3*v**2 + 3*v + 3. Let q be a(-2). Suppose -5*l + g = -2*g - 150, 2*g = 2*l - 64. What is the greatest common divisor of q and l?
9
Let j = -114 + 249. Suppose -m + j = k, k - 5*k - 2*m = -550. Calculate the greatest common factor of k and 20.
20
Let b = -15 - -18. Suppose 5*h + 0*l - 157 = -2*l, b*l = 5*h - 177. Let r(o) = -2*o + 38. Let a be r(8). Calculate the greatest common factor of h and a.
11
Let c be (-7)/(-3) + 1/(-3). Let q = 12 - c. Let f(o) = -o + 78. Let v be f(38). Calculate the greatest common divisor of v and q.
10
Suppose -2*d - 3*d + l = -93, 3*d - 39 = -5*l. Let f be 17/(51/d)*12. Calculate the greatest common divisor of 120 and f.
24
Suppose -22 = -h + w, 3*h = -4*w + 3*w + 50. Let i = 39 - -15. What is the greatest common factor of h and i?
18
Let w = -85 + 823. Calculate the greatest common factor of w and 54.
18
Suppose -129 = -2*t + 7. Let g = -176 + 193. Calculate the greatest common divisor of t and g.
17
Suppose -57 = -0*n - 2*n - 3*j, 3*n + j - 75 = 0. Let b = 41 - n. Suppose -4*o + 6 = -2, 2*p - 28 = 3*o. What is the highest common factor of b and p?
17
Let s = -183 - -493. Calculate the greatest common divisor of s and 124.
62
Let r be 44/6*(34/4 - 7). Calculate the highest common factor of r and 66.
11
Suppose 0 = 2*h - 29 + 5. Let v(y) = 2*y - 2. Let l be v(h). Calculate the greatest common factor of 242 and l.
22
Let f be (-14)/(-2) + -1 + -1. Suppose 229 = 3*p - v, f*p + 143 = v + 522. Suppose 0 = z, 2*z + z + 120 = 4*t. Calculate the highest common factor of t and p.
15
Suppose 0 = -4*u - 16*r + 21*r + 3240, -u + r + 810 = 0. Calculate the highest common divisor of 324 and u.
162
Suppose 2*l - 6 = 2*c, -3*c + 31 = -2*l + 4*l. Let d(x) = 2*x + 2*x**2 + 2*x - 58 + 34. Let b be d(6). Calculate the highest common factor of l and b.
8
Suppose 33 = 3*s - 3*k, 0 = 39*s - 40*s + 2*k + 11. What is the greatest common factor of s and 869?
11
Let z = 109 + -76. Let n = -27 + z. What is the greatest common divisor of n and 2?
2
Suppose 869 = 4*n + 69. What is the highest common factor of 40 and n?
40
Suppose 3*h - 19 = -5*i, -i + 11 = -0*h + 3*h. Suppose -g + i = 2*r - 2*g, -r - 17 = -5*g. Calculate the greatest common divisor of 18 and r.
3
Suppose 2*c - 97 = -21. Let g = 22 - c. Let w be -2 + (2 - (g + 3)). What is the highest common factor of 104 and w?
13
Let d be (8*1)/(4/22). Suppose -12 - 12 = -6*h. What is the highest common factor of d and h?
4
Suppose -4*f - 5 = -137. Let z(h) = -h**3 + 4*h**2 + 2*h - 4. Let n be 2*(1 - 0) + 1. Let p be z(n). What is the greatest common factor of p and f?
11
Suppose -4*f + 29 = 5*v + 9, 5*f = 0. Let h(a) = -v - a**3 - 4*a**2 - a + 2*a - 3. Let w be h(-5). Calculate the greatest common divisor of 13 and w.
13
Suppose 35*y = 3*r + 33*y - 122, y + 39 = r. Calculate the greatest common divisor of r and 352.
44
Let f(w) = -w**2 - 11*w - 12. Let b be f(-9). Let k(u) = 23*u**2 + 1. Let a be k(1). Let v be a/7*(13 - b). What is the greatest common factor of v and 8?
8
Let c be (348 + 6)*18/12. Calculate the highest common factor of c and 9.
9
Let b(u) = 3*u - 2. Let z be b(6). Suppose -31*s = -83*s + 486 - 70. What is the greatest common divisor of z and s?
8
Suppose 5*b + 3 = -12. Let o be -1 - ((-4)/1 + b). Let m = o + 7. Calculate the greatest common factor of m and 13.
13
Suppose -5*p - 54 = 3*z, p - 4*p = -4*z + 15. Suppose -k + 19 - 6 = 0. Let c = k - p. Calculate the highest common factor of c and 198.
22
Suppose -t = -22 - 38. Calculate the greatest common factor of t and 150.
30
Suppose -3*o - 63 = -12*o. Calculate the greatest common divisor of 28 and o.
7
Suppose 15 + 17 = 4*x. Let t(z) = -2*z**3 - 3*z**2 + 2*z + 3. Let w be t(3). Let p be (w/5)/(8/(-40)). What is the highest common factor of x and p?
8
Let u = 1482 + -1477. What is the highest common factor of 1415 and u?
5
Suppose 3*p + p = a - 256, -5*p = 3*a - 802. Calculate the greatest common divisor of a and 99.
33
Let k be 85083/1975 - 2/25. Calculate the greatest common factor of 301 and k.
43
Let u(b) = -b**2 - 7*b - 7. Let l be u(-5). Suppose 4*c - 224 = 4*h, -h - l*h = c - 46. Let v = c + -30. What is the greatest common factor of v and 144?
24
Let b = -505 - -599. Calculate the highest common factor of 235 and b.
47
Let l(d) = -d**2 + 4*d + 5. Let s be l(4). Suppose s*g = 80 + 70. Suppose 22*i + 6*i - 232 = 328. Calculate the highest common factor of i and g.
10
Suppose o = 5*o - 123 + 15. Let v = -8 + 12. Suppose 0*u + 864 = v*u. Calculate the highest common factor of o and u.
27
Suppose -53*u = -114*u + 4758. Calculate the highest common factor of u and 182.
26
Let s = -284 + 583. Calculate the greatest common divisor of 13 and s.
13
Let z be 3/2*(-16)/3. Let l be (18/z)/(4 + 35/(-8)). Calculate the highest common divisor of 48 and l.
6
Let m = -175 + 308. What is the greatest common divisor of m and 57?
19
Let a = -2 - -6. Let v = 223 - 103. Suppose -2*w = a*b + w - v, -5*b + 5*w = -185. Calculate the highest common factor of b and 11.
11
Suppose -8 = -17*d + 13*d. Suppose -d*w = -4*y + y - 32, -w = -y - 18. Calculate the highest common divisor of 55 and w.
11
Suppose 4*i = -4*o + 256, -2*i + i + 5*o + 70 = 0. Suppose -64 = -4*x + 84. Suppose 89 = 2*a + x. What is the greatest common divisor of i and a?
13
Let f = 48 - 37. Let h(j) be the first derivative of j**3/3 + 2*j**2 + 6*j - 2. Let p be h(-5). What is the greatest common factor of f and p?
11
Suppose 0 = -0*t - 3*t, 3*r + 2*t + 6 = 0. Let d(p) = 4*p**3 + 3*p**2 + 4*p + 3. Let v be d(r). Let s = 129 - v. What is the highest common divisor of s and 14?
14
Let i be 70/(-30)*(-7 + -2). What is the highest common divisor of i and 49?
7
Let x = -1007 - -1062. Calculate the highest common divisor of x and 451.
11
Let j be 16/2 - 2 - 2. Suppose j*d + 116 + 208 = 0. Let y be d*(-5 + -1 + 3). Calculate the highest common factor of 27 and y.
27
Let w(v) = -v**3 - 5*v**2 + 6*v + 4. Let r be w(-6). Suppose -c = -5*p - 0*p - 47, 0 = 2*c - r. Let u = 0 - p. What is the greatest common divisor of 3 and u?
3
Suppose 0*u - 906 = 6*u. Let r = u - -291. What is the greatest common divisor of 28 and r?
28
Let a be 1/(3/(72/3)). Let g = 181 + -117. What is the greatest common factor of a and g?
8
Let f be 5 - 4*(-170)/40. What is the highest common factor of f and 7?
1
Suppose 7*v - 3*v - 4*g = 68, 0 = -3*v + 2*g + 50. Let k be 6*(1 + v/6). Let b(o) = -21*o + 176. Let p be b(0). Calculate the greatest common factor of k and p.
22
Suppose -42*c - 10 = -41*c. Let f(b) = 2*b**2 + 5*b - 10. Let j be f(c). Calculate the highest common factor of 56 and j.
28
Let k be (-11 + 448/35)/(3/40). Calculate the highest common divisor of k and 32.
8
Suppose -3*y = -87 + 48. Calculate the highest common factor of 299 and y.
13
Suppose -22*b + 175 + 749 = 0. What is the highest common divisor of b and 3066?
42
Let t(p) = 35*p**2. Let a be t(-1). Let j be 6/8 + (-20)/(-16). Suppose v - 3 - j = 0. Calculate the highest common divisor of a and v.
5
Suppose 0 = 5*d - 3*d - 4*b + 12, -d - 16 = -4*b. Suppose 5*v + p - 291 = 299, -4*p + 488 = d*v. Calculate the highest common factor of v and 13.
13
Let l(y) = 2*y + 4 + y + 0*y. Let k be l(3). Suppose 78 = 3*p - p. What is the highest common divisor of k and p?
13
Suppose -3*w - 740 = -0*v - 4*v, 3*v + w - 568 = 0. Calculate the highest common divisor of 47 and v.
47
Suppose 7 = k - 3*s, -12 = k - 2*k + 2*s. Suppose 0 = -3*x + 2*a + 61 - 5, -2*a + 98 = 4*x. Calculate the highest common factor of x and k.
22
Let z be 272 - ((-285)/(-133) + (-1)/7). What is the highest common factor of z and 72?
18
Let d(g) = -5*g**2 + 9*g - 24. Let a(i) = 4*i**2 - 10*i + 23. Let r(b) = -4*a(b) - 3*d(b). Let m be r(9). Calculate the greatest common factor of 192 and m.
16
Suppose 3*i + 2988 = 5*l, -2*l = -i + 656 - 1852. Calculate the highest common divisor of l and 225.
75
Suppose -2294 = -16*c - 15*c. What 